{"id":668,"date":"2025-03-05T13:39:26","date_gmt":"2025-03-05T13:39:26","guid":{"rendered":"https:\/\/equipaedu.com.mx\/?post_type=product&#038;p=668"},"modified":"2025-03-10T13:28:08","modified_gmt":"2025-03-10T13:28:08","slug":"coliformes-totales-kit-con-5-pruebas-ausencia-o-presencia-para-agua-potable-o-fuentes-de-abastecimiento-lamotte","status":"publish","type":"product","link":"https:\/\/equipaedu.com.mx\/index.php\/producto\/coliformes-totales-kit-con-5-pruebas-ausencia-o-presencia-para-agua-potable-o-fuentes-de-abastecimiento-lamotte\/","title":{"rendered":"Coliformes Totales Kit con 5 Pruebas Ausencia o Presencia para Agua Potable o Fuentes de Abastecimiento, LaMotte"},"content":{"rendered":"<p>Descripci\u00f3n General<\/p>\n<h6>Coliformes Totales Kit con 5 Pruebas Ausencia o Presencia para Agua Potable o Fuentes de Abastecimiento<\/h6>\n<p>Este kit es un m\u00e9todo de tubo desechable f\u00e1cil de usar que indica la ausencia o presencia de bacterias coliformes totales. La muestra de agua se coloca en un tubo que contiene una pastilla reactiva y se incuba a temperatura ambiente interior durante 24 a 48 horas. A continuaci\u00f3n, se examina el tubo en busca de indicadores positivos de bacterias coliformes, como el cambio de color y la formaci\u00f3n de burbujas de gas.<\/p>\n<p>Las pastillas de an\u00e1lisis de coliformes (C\u00f3digo 4890) contienen nutrientes para apoyar el crecimiento de bacterias coliformes, una sustancia gelificante y un indicador de pH. Si hay organismos coliformes presentes en la muestra, se generar\u00e1 gas como resultado de que la bacteria metaboliza los nutrientes de la pastilla. Ese gas quedar\u00e1 atrapado en la sustancia gelificante y har\u00e1 que el gel se eleve en el tubo. El indicador de pH puede cambiar de color de rojo a amarillo como evidencia adicional de la actividad de las bacterias coliformes.<\/p>\n<p><b>Almacenamiento:<\/b>\u00a0El kit que no ha sido utilizado debe almacenarse a temperatura ambiente interior y fuera de la luz solar directa. Mantener alejado de los ni\u00f1os. Este producto es para ser utilizado solo para pruebas de an\u00e1lisis de agua potable o fuentes de abastecimiento.<br \/>\n<b>Vida \u00fatil:<\/b>\u00a012 meses garantizados a partir de la fecha de entrega del producto.<\/p>\n<p>Especificaciones T\u00e9cnicas<\/p>\n<table class=\"tabtec\">\n<caption>Tabla de especificaciones<\/caption>\n<tbody>\n<tr>\n<th>Factor de prueba:<\/th>\n<td>Coliformes totales<\/td>\n<\/tr>\n<tr>\n<th>Sistema de prueba:<\/th>\n<td>Tableta LaMotte<\/td>\n<\/tr>\n<tr>\n<th>Rango\/Sensibilidad:<\/th>\n<td>Ausencia o Presencia<\/td>\n<\/tr>\n<tr>\n<th># de pruebas<\/th>\n<td>5<\/td>\n<\/tr>\n<tr>\n<th>\u00c1rea de aplicaci\u00f3n:<\/th>\n<td>An\u00e1lisis de Agua Potable o Fuentes de Abastecimiento<\/td>\n<\/tr>\n<\/tbody>\n<\/table>\n<p><b>C\u00f3digo del buque:<\/b>\u00a0(NH) Material no peligroso \u2013 No se aplican tarifas<br \/>\n<b>Peso del Barco en libras:<\/b>\u00a01<\/p>\n<p>Accesorios y Consumibles<\/p>\n<p><b>Cada kit contiene:<\/b><\/p>\n<ul>\n<li>5 tubos de vidrio, marcados con 10 ml. Cada tubo contiene una tableta de prueba de Coliformes Totales.<\/li>\n<li>5 bolsas de muestreo de agua est\u00e9ril que contiene una tableta decloradora para la eliminaci\u00f3n del cloro.<\/li>\n<\/ul>\n","protected":false},"excerpt":{"rendered":"<p>El kit de prueba de coliformes totales con tubos disponibles para hacer un m\u00e1ximo de 5 pruebas de ausencia o presencia sin necesidad de usar una incubadora. Resultados en 24 a 48 Horas a temperatura de interiores. Uso para Agua Potable y\/o Fuentes de Abastecimiento de Agua.<\/p>\n<h5>Coliformes Totales Kit con 5 Pruebas Ausencia o Presencia para Agua Potable o Fuentes de Abastecimiento<\/h5>\n<p><b>Marca:\u00a0<\/b>LaMotte |\u00a0<b>Pa\u00eds de origen:\u00a0<\/b>Estados Unidos |\u00a0<b>C\u00f3digo:\u00a0<\/b>4-3616-C-5<\/p>\n<p>Caracter\u00edsticas principales<\/p>\n<ul>\n<li><b>Sector de Aplicaci\u00f3n:\u00a0<\/b>An\u00e1lisis de agua potable o fuentes de abastecimiento.<\/li>\n<li><b>Reducen costos:\u00a0<\/b>Al evitar pruebas de laboratorio innecesarias. Se pueden almacenar a temperatura ambiente interior. No requiere incubadora.<\/li>\n<li><b>F\u00e1cil de Usar:\u00a0<\/b>No se necesita personal especializado ni equipos complejos. Pruebas visuales aplicables en laboratorio y campo.<\/li>\n<li><b>Resultados Confiables:\u00a0<\/b>Facilita la identificaci\u00f3n r\u00e1pida de riesgos sanitarios.<\/li>\n<\/ul>\n","protected":false},"featured_media":669,"comment_status":"open","ping_status":"closed","template":"","meta":{"_themeisle_gutenberg_block_has_review":false,"_joinchat":[]},"product_brand":[],"product_cat":[55],"product_tag":[],"class_list":{"0":"post-668","1":"product","2":"type-product","3":"status-publish","4":"has-post-thumbnail","6":"product_cat-phmetros-y-conductivimetros","8":"first","9":"instock","10":"shipping-taxable","11":"purchasable","12":"product-type-simple"},"_links":{"self":[{"href":"https:\/\/equipaedu.com.mx\/index.php\/wp-json\/wp\/v2\/product\/668","targetHints":{"allow":["GET"]}}],"collection":[{"href":"https:\/\/equipaedu.com.mx\/index.php\/wp-json\/wp\/v2\/product"}],"about":[{"href":"https:\/\/equipaedu.com.mx\/index.php\/wp-json\/wp\/v2\/types\/product"}],"replies":[{"embeddable":true,"href":"https:\/\/equipaedu.com.mx\/index.php\/wp-json\/wp\/v2\/comments?post=668"}],"wp:featuredmedia":[{"embeddable":true,"href":"https:\/\/equipaedu.com.mx\/index.php\/wp-json\/wp\/v2\/media\/669"}],"wp:attachment":[{"href":"https:\/\/equipaedu.com.mx\/index.php\/wp-json\/wp\/v2\/media?parent=668"}],"wp:term":[{"taxonomy":"product_brand","embeddable":true,"href":"https:\/\/equipaedu.com.mx\/index.php\/wp-json\/wp\/v2\/product_brand?post=668"},{"taxonomy":"product_cat","embeddable":true,"href":"https:\/\/equipaedu.com.mx\/index.php\/wp-json\/wp\/v2\/product_cat?post=668"},{"taxonomy":"product_tag","embeddable":true,"href":"https:\/\/equipaedu.com.mx\/index.php\/wp-json\/wp\/v2\/product_tag?post=668"}],"curies":[{"name":"wp","href":"https:\/\/api.w.org\/{rel}","templated":true}]}}