{"id":655,"date":"2025-03-04T22:46:16","date_gmt":"2025-03-04T22:46:16","guid":{"rendered":"https:\/\/equipaedu.com.mx\/?post_type=product&#038;p=655"},"modified":"2025-03-10T13:30:29","modified_gmt":"2025-03-10T13:30:29","slug":"mini-laboratorio-para-analisis-de-suelos-lamotte","status":"publish","type":"product","link":"https:\/\/equipaedu.com.mx\/index.php\/producto\/mini-laboratorio-para-analisis-de-suelos-lamotte\/","title":{"rendered":"Mini Laboratorio Para An\u00e1lisis De Suelos Lamotte"},"content":{"rendered":"<p>Mini laboratorio Dise\u00f1ado para el monitoreo de la calidad del Suelo de forma r\u00e1pida, precisa y econ\u00f3mica, dise\u00f1ado para uso de Agricultores, Consultores o Especialistas en Fertilizaci\u00f3n. Utiliza el procedimiento de extracci\u00f3n basado en el m\u00e9todo Mehlich I.<\/p>\n<p>El malet\u00edn incluye tres kits individuales, Color\u00edmetro digital Smart 3, medidor de pH tipo Sonda y medidor de TDS 5 tipo Sonda para determinar 15 par\u00e1metros b\u00e1sicos.<\/p>\n<p>Factores de conversi\u00f3n de unidades:<\/p>\n<p>Los resultados pueden ser medidos usando una selecci\u00f3n de unidades:\u00a0Partes por mill\u00f3n (ppm), unidades de libras \/ acre y Kg \/ hect\u00e1rea los cuales pueden ser convertidos de acuerdo a los valores contenidos en la siguiente tabla:<\/p>\n<p><a href=\"https:\/\/www.e-ceica.mx\/wp-content\/uploads\/2014\/06\/mini-lab-suelos.png\"><img loading=\"lazy\" decoding=\"async\" class=\" wp-image-3026 aligncenter\" src=\"https:\/\/www.e-ceica.mx\/wp-content\/uploads\/2014\/06\/mini-lab-suelos-1024x770.png\" sizes=\"auto, (max-width: 684px) 100vw, 684px\" srcset=\"https:\/\/www.e-ceica.mx\/wp-content\/uploads\/2014\/06\/mini-lab-suelos-1024x770.png 1024w, https:\/\/www.e-ceica.mx\/wp-content\/uploads\/2014\/06\/mini-lab-suelos-600x451.png 600w, https:\/\/www.e-ceica.mx\/wp-content\/uploads\/2014\/06\/mini-lab-suelos-300x226.png 300w\" alt=\"mini lab suelos\" width=\"684\" height=\"514\" \/><\/a><\/p>\n<p><a href=\"https:\/\/www.e-ceica.mx\/wp-content\/uploads\/2014\/06\/tabla-2-suelos.png\"><img loading=\"lazy\" decoding=\"async\" class=\" wp-image-3027 aligncenter\" src=\"https:\/\/www.e-ceica.mx\/wp-content\/uploads\/2014\/06\/tabla-2-suelos-1024x369.png\" sizes=\"auto, (max-width: 693px) 100vw, 693px\" srcset=\"https:\/\/www.e-ceica.mx\/wp-content\/uploads\/2014\/06\/tabla-2-suelos-1024x369.png 1024w, https:\/\/www.e-ceica.mx\/wp-content\/uploads\/2014\/06\/tabla-2-suelos-600x216.png 600w, https:\/\/www.e-ceica.mx\/wp-content\/uploads\/2014\/06\/tabla-2-suelos-300x108.png 300w\" alt=\"tabla 2 suelos\" width=\"693\" height=\"250\" \/><\/a><\/p>\n<p>Todos los accesorios y consumibles se venden por separado.<\/p>\n","protected":false},"excerpt":{"rendered":"<p><b>C\u00f3digo:<\/b>\u00a01985-05<br \/>\n<b>Repuesto:<\/b>\u00a0R-1985-05<br \/>\n<b>Marca:<\/b>\u00a0LaMotte<br \/>\n<b>Modelo:<\/b>\u00a0SCL-12<br \/>\n<b>Pa\u00eds de Origen:<\/b>\u00a0Estados Unidos<\/p>\n","protected":false},"featured_media":656,"comment_status":"open","ping_status":"closed","template":"","meta":{"_themeisle_gutenberg_block_has_review":false,"_joinchat":[]},"product_brand":[],"product_cat":[79],"product_tag":[],"class_list":{"0":"post-655","1":"product","2":"type-product","3":"status-publish","4":"has-post-thumbnail","6":"product_cat-laboratorios","8":"first","9":"instock","10":"shipping-taxable","11":"purchasable","12":"product-type-simple"},"_links":{"self":[{"href":"https:\/\/equipaedu.com.mx\/index.php\/wp-json\/wp\/v2\/product\/655","targetHints":{"allow":["GET"]}}],"collection":[{"href":"https:\/\/equipaedu.com.mx\/index.php\/wp-json\/wp\/v2\/product"}],"about":[{"href":"https:\/\/equipaedu.com.mx\/index.php\/wp-json\/wp\/v2\/types\/product"}],"replies":[{"embeddable":true,"href":"https:\/\/equipaedu.com.mx\/index.php\/wp-json\/wp\/v2\/comments?post=655"}],"wp:featuredmedia":[{"embeddable":true,"href":"https:\/\/equipaedu.com.mx\/index.php\/wp-json\/wp\/v2\/media\/656"}],"wp:attachment":[{"href":"https:\/\/equipaedu.com.mx\/index.php\/wp-json\/wp\/v2\/media?parent=655"}],"wp:term":[{"taxonomy":"product_brand","embeddable":true,"href":"https:\/\/equipaedu.com.mx\/index.php\/wp-json\/wp\/v2\/product_brand?post=655"},{"taxonomy":"product_cat","embeddable":true,"href":"https:\/\/equipaedu.com.mx\/index.php\/wp-json\/wp\/v2\/product_cat?post=655"},{"taxonomy":"product_tag","embeddable":true,"href":"https:\/\/equipaedu.com.mx\/index.php\/wp-json\/wp\/v2\/product_tag?post=655"}],"curies":[{"name":"wp","href":"https:\/\/api.w.org\/{rel}","templated":true}]}}